 remainder when 1061 is divided by 276.
233
What is the remainder when 4685 is divided by 114?
11
What is the remainder when 164 is divided by 14?
10
Calculate the remainder when 17170 is divided by 108.
106
What is the remainder when 1318 is divided by 60?
58
What is the remainder when 249 is divided by 102?
45
What is the remainder when 61 is divided by 21?
19
What is the remainder when 566 is divided by 70?
6
Calculate the remainder when 69 is divided by 4.
1
What is the remainder when 693 is divided by 6?
3
Calculate the remainder when 4402 is divided by 38.
32
Calculate the remainder when 41 is divided by 24.
17
What is the remainder when 32 is divided by 3?
2
Calculate the remainder when 4138 is divided by 10.
8
Calculate the remainder when 237 is divided by 70.
27
Calculate the remainder when 3142 is divided by 30.
22
What is the remainder when 467 is divided by 59?
54
Calculate the remainder when 364 is divided by 26.
0
Calculate the remainder when 243 is divided by 50.
43
Calculate the remainder when 6963 is divided by 7.
5
What is the remainder when 56 is divided by 24?
8
Calculate the remainder when 136 is divided by 28.
24
Calculate the remainder when 944 is divided by 230.
24
Calculate the remainder when 63 is divided by 27.
9
Calculate the remainder when 297 is divided by 14.
3
What is the remainder when 209 is divided by 34?
5
What is the remainder when 60 is divided by 34?
26
What is the remainder when 1879 is divided by 156?
7
What is the remainder when 263 is divided by 14?
11
Calculate the remainder when 702 is divided by 231.
9
What is the remainder when 3195 is divided by 41?
38
Calculate the remainder when 28 is divided by 14.
0
Calculate the remainder when 1822 is divided by 115.
97
Calculate the remainder when 898 is divided by 265.
103
Calculate the remainder when 669 is divided by 112.
109
Calculate the remainder when 344 is divided by 96.
56
What is the remainder when 24 is divided by 10?
4
What is the remainder when 407 is divided by 209?
198
Calculate the remainder when 1973 is divided by 18.
11
Calculate the remainder when 632 is divided by 25.
7
What is the remainder when 27251 is divided by 18?
17
What is the remainder when 455 is divided by 253?
202
What is the remainder when 8000 is divided by 174?
170
Calculate the remainder when 374 is divided by 155.
64
What is the remainder when 8260 is divided by 2750?
10
Calculate the remainder when 205 is divided by 11.
7
What is the remainder when 3853 is divided by 641?
7
Calculate the remainder when 8226 is divided by 2052.
18
What is the remainder when 1249 is divided by 25?
24
Calculate the remainder when 64 is divided by 18.
10
What is the remainder when 138 is divided by 61?
16
What is the remainder when 2822 is divided by 936?
14
Calculate the remainder when 2035 is divided by 97.
95
What is the remainder when 169 is divided by 9?
7
Calculate the remainder when 54 is divided by 35.
19
Calculate the remainder when 8256 is divided by 2746.
18
Calculate the remainder when 279 is divided by 18.
9
What is the remainder when 275 is divided by 146?
129
Calculate the remainder when 207 is divided by 15.
12
What is the remainder when 169 is divided by 26?
13
Calculate the remainder when 158 is divided by 54.
50
What is the remainder when 2620 is divided by 61?
58
What is the remainder when 6779 is divided by 53?
48
What is the remainder when 272 is divided by 7?
6
What is the remainder when 323 is divided by 27?
26
What is the remainder when 458 is divided by 442?
16
Calculate the remainder when 226 is divided by 47.
38
Calculate the remainder when 5981 is divided by 4.
1
What is the remainder when 256 is divided by 52?
48
Calculate the remainder when 119 is divided by 61.
58
Calculate the remainder when 245 is divided by 64.
53
What is the remainder when 407 is divided by 38?
27
Calculate the remainder when 20 is divided by 3.
2
What is the remainder when 289 is divided by 14?
9
Calculate the remainder when 452 is divided by 148.
8
What is the remainder when 5488 is divided by 2738?
12
Calculate the remainder when 76 is divided by 2.
0
Calculate the remainder when 4847 is divided by 99.
95
Calculate the remainder when 283 is divided by 22.
19
What is the remainder when 111 is divided by 22?
1
What is the remainder when 2214 is divided by 15?
9
Calculate the remainder when 268 is divided by 72.
52
Calculate the remainder when 43 is divided by 22.
21
Calculate the remainder when 185 is divided by 94.
91
What is the remainder when 563 is divided by 142?
137
What is the remainder when 1518 is divided by 31?
30
What is the remainder when 5758 is divided by 2878?
2
Calculate the remainder when 279 is divided by 19.
13
What is the remainder when 29 is divided by 11?
7
What is the remainder when 586 is divided by 31?
28
Calculate the remainder when 557 is divided by 93.
92
Calculate the remainder when 9595 is divided by 2398.
3
What is the remainder when 1313 is divided by 422?
47
Calculate the remainder when 341 is divided by 18.
17
What is the remainder when 1889 is divided by 63?
62
What is the remainder when 353 is divided by 110?
23
What is the remainder when 124 is divided by 25?
24
Calculate the remainder when 15772 is divided by 10.
2
Calculate the remainder when 336 is divided by 20.
16
Calculate the remainder when 475 is divided by 26.
7
Calculate the remainder when 684 is divided by 172.
168
What is the remainder when 75 is divided by 11?
9
What is the remainder when 7292 is divided by 24?
20
What is the remainder when 1229 is divided by 16?
13
What is the remainder when 1776 is divided by 137?
132
Calculate the remainder when 2134 is divided by 163.
15
What is the remainder when 159 is divided by 49?
12
Calculate the remainder when 821 is divided by 36.
29
Calculate the remainder when 424 is divided by 8.
0
What is the remainder when 465 is divided by 73?
27
What is the remainder when 35 is divided by 17?
1
Calculate the remainder when 373 is divided by 47.
44
Calculate the remainder when 427 is divided by 86.
83
What is the remainder when 238 is divided by 39?
4
Calculate the remainder when 433 is divided by 110.
103
Calculate the remainder when 1298 is divided by 54.
2
What is the remainder when 55 is divided by 43?
12
What is the remainder when 2052 is divided by 512?
4
What is the remainder when 360 is divided by 84?
24
Calculate the remainder when 119 is divided by 16.
7
Calculate the remainder when 358 is divided by 108.
34
What is the remainder when 203 is divided by 21?
14
Calculate the remainder when 30 is divided by 22.
8
What is the remainder when 214 is divided by 57?
43
What is the remainder when 102 is divided by 36?
30
Calculate the remainder when 126 is divided by 71.
55
Calculate the remainder when 76 is divided by 62.
14
What is the remainder when 1679 is divided by 51?
47
What is the remainder when 429 is divided by 210?
9
Calculate the remainder when 181 is divided by 11.
5
Calculate the remainder when 414 is divided by 46.
0
Calculate the remainder when 730 is divided by 101.
23
What is the remainder when 95 is divided by 52?
43
What is the remainder when 280 is divided by 257?
23
Calculate the remainder when 323 is divided by 310.
13
Calculate the remainder when 136 is divided by 20.
16
Calculate the remainder when 11316 is divided by 17.
11
Calculate the remainder when 63 is divided by 54.
9
Calculate the remainder when 170 is divided by 70.
30
What is the remainder when 4097 is divided by 82?
79
What is the remainder when 1647 is divided by 138?
129
Calculate the remainder when 2238 is divided by 161.
145
What is the remainder when 267 is divided by 95?
77
Calculate the remainder when 1619 is divided by 532.
23
Calculate the remainder when 422 is divided by 47.
46
What is the remainder when 848 is divided by 212?
0
What is the remainder when 551 is divided by 89?
17
Calculate the remainder when 1506 is divided by 52.
50
Calculate the remainder when 435 is divided by 21.
15
Calculate the remainder when 245 is divided by 175.
70
Calculate the remainder when 2700 is divided by 208.
204
Calculate the remainder when 92 is divided by 14.
8
Calculate the remainder when 304 is divided by 39.
31
Calculate the remainder when 3892 is divided by 14.